 units digit of a?
2
Suppose -3*d + 2*t = 2, t - 2 = 4*d + 4. What is the units digit of ((-1)/d + -1)*-2?
1
Let w be ((-3)/3 - -2) + -2. What is the units digit of 3/(14/(-20) - w)?
0
Let c = -57 + 108. What is the tens digit of c?
5
Let q(x) = -x**3 - 8*x**2 + 6*x - 12. Let k be q(-9). Let b = k - 5. What is the tens digit of b?
1
Let f(q) = -q**3 + 7*q**2 + 2. Let s be f(7). Suppose h - s*h = 8. What is the units digit of 146/8 - (-2)/h?
8
Let z(f) = f**3 + f**2 + f - 7. Let m be z(0). Let o = m - -12. What is the units digit of o?
5
Let f(z) = z**3 + 9*z**2 + 9*z + 8. What is the tens digit of f(-7)?
4
Suppose 4 = -2*v + 4*v. Let m(s) = -s + 2*s - 2 + 1. What is the units digit of m(v)?
1
Suppose -5*h + 200 = -3*f, 4*h - 2*h - 3*f - 89 = 0. What is the units digit of h/3 + (-4)/(-6)?
3
Let x(n) = -n - 3. Let k be x(-3). Let y(s) = -s + 1. What is the units digit of y(k)?
1
What is the hundreds digit of 2145/7 - 9/21?
3
Suppose 3*h + 1 - 28 = -3*a, 2 = -2*a + 2*h. Suppose 4*v - 4*g = 0, 0 = a*v - 4*g + 6*g. Suppose 5*j = 0, v*o = o + 2*j - 8. What is the units digit of o?
8
Let p(k) = k**3 - 4*k**2 - 2*k + 3. Let c be p(2). Let h be 5 - 6/c*3. Suppose 4*r - 13 = 2*y - 3*y, -h = -2*r - y. What is the units digit of r?
3
Let x(d) = 7*d - 10. Let w(r) = -6*r + 13. Let c(f) = 12*f - 25. Let t(a) = 4*c(a) + 7*w(a). Let q(k) = 5*t(k) - 4*x(k). What is the units digit of q(4)?
3
Suppose 0 = -5*k + 3*k + 10. Suppose -3*i + 1 = 3*j - 2, 0 = -j - k*i - 19. What is the units digit of j?
6
Let u(l) = 3*l**3 - 7*l**2 + 5*l - 3. Let w be (-1*1)/(1/3). Let h(g) = -4*g**3 + 8*g**2 - 6*g + 4. Let s(v) = w*u(v) - 2*h(v). What is the units digit of s(4)?
5
Let i(x) = x**3 - 16*x**2 + x + 9. What is the tens digit of i(16)?
2
Let a be 2*(0 - 1) + 0. Let r be 2*3 - (a - -5). Suppose 0 = 2*k - 10, 0 = -r*b - 2*k + 15 + 7. What is the units digit of b?
4
Let o = 1 + 0. Let k(x) = -11*x - 7. Let j(m) = -1. Let f(b) = 6*j(b) - k(b). What is the tens digit of f(o)?
1
Let z = -54 + 176. What is the tens digit of z?
2
Suppose 0 = 4*q - 26 + 6, -15 = r - 3*q. Let s be (0 - r)/(3/3). Suppose 3*k + k - 16 = s. What is the units digit of k?
4
Let x(b) = -12*b - 1. Let a be x(-2). Suppose -5*l + 7 + a = 0. Suppose -15 = -3*c - 4*d, -3*c + 0 = -3*d + l. What is the units digit of c?
1
Suppose -z + 372 = 3*q - 4*z, -2*q + z + 252 = 0. Suppose 0*v + 2*v = 3*g - q, 5*v + 159 = 4*g. What is the units digit of g?
6
Let y = 4 + -3. What is the units digit of y?
1
Suppose -2*k + 5*k = 15. Suppose -k*h + 5*q = -11 - 29, -3*q = -5*h + 30. Suppose 24 = 6*x - h*x. What is the units digit of x?
8
Let v = 6 + 2. Suppose 2*p + 4*y + v - 30 = 0, -2*p + 17 = -y. What is the units digit of p?
9
Let h(v) = 3*v**2 - 4*v + 1. What is the tens digit of h(-3)?
4
Suppose 2*x + 3*p = -2 + 9, 3 = -3*p. Suppose n + 4*t - 8*t = 7, -x*t = 3*n - 55. What is the tens digit of n?
1
Let i = -3 + 3. Suppose q - 1 + i = 0. What is the units digit of 2 - q - 2 - -8?
7
Let u = -79 - -136. What is the tens digit of u?
5
Let o(t) = -t**2 + 4*t + 3. Let m be (-42)/(-12) - 1/(-2). Let y be o(m). Suppose 0 = -y*z + 12. What is the units digit of z?
4
Let y be -2 + 2 + 20/1. What is the units digit of (-78)/(-8) - (-5)/y?
0
Let h = -22 - -131. What is the units digit of h?
9
Let o be (6/(-9))/(4/24). Suppose c = -2*b - b, 0 = 3*c - 2*b - 22. Let z = o + c. What is the units digit of z?
2
Let d be (1/2)/((-2)/(-48)). Suppose 0 = -0*r - 2*r + d. What is the units digit of r?
6
Suppose -13 + 1 = -4*g. Suppose 5*o - 4*a - 25 = 0, g*a - 18 = -5*o + 7. Suppose n + 11 = 4*f, o = -f + 2*n - 1. What is the units digit of f?
4
Suppose -4*w + w = -3*f - 12, -5*w - 3*f + 60 = 0. Let q be w/(-1 - -4)*2. What is the units digit of 1/3 - (-46)/q?
8
Let m(n) = n**3 - 4*n**2 - 3*n - 4. Let z be m(4). Suppose -40 = 3*f + f. Let r = f - z. What is the units digit of r?
6
Let t(z) = z**3 + 9*z**2 + 9*z + 2. What is the units digit of t(-6)?
6
Suppose 0*s - 2*s = -32. Suppose -5*n + 4*m + 54 = 0, -3*n + 9 + s = 5*m. What is the units digit of n?
0
Let m be (2/(-4))/(8/240). What is the tens digit of -34*(-3 - m/6)?
1
Suppose 2*w - n - 67 = -0*n, -3*w - 2*n = -104. What is the tens digit of w?
3
Let d = 0 + 44. What is the tens digit of d?
4
Let a(s) = -2*s + 5. Let f be a(-9). Let i = f - 13. What is the units digit of 10/(-4)*(-36)/i?
9
Let x = -25 - -39. What is the tens digit of x?
1
Suppose w + 4*g - 38 = 0, 2*w - 3*w - 2*g + 38 = 0. What is the tens digit of w?
3
Suppose 2*h + h + 15 = 5*x, -13 = -3*x + h. Suppose c = x*c - 230. What is the tens digit of c?
4
Let u(g) = 2*g**2 + 16*g + 17. What is the hundreds digit of u(-13)?
1
Suppose 5*p + 46 = 3*y - 2, p = 5*y - 58. What is the tens digit of y?
1
Suppose -2*v - 36 = 2*v. Let s be 14/6 - 6/v. What is the units digit of (-8)/24 - (-22)/s?
7
Let l(p) = -p**3 - 12*p**2 + 12*p - 11. Let h be l(-13). Let m(o) = o**2 - 2*o + 2. What is the units digit of m(h)?
2
What is the units digit of (-4 - 16/(-4)) + 28?
8
Let l = 71 + -5. Suppose -2*m + 2 = w + 17, -m - 20 = -2*w. What is the units digit of l/15 + 4/m?
4
Suppose -s + 3*s - 4*r - 24 = 0, 5*r = 3*s - 33. Let d = 9 - s. What is the units digit of d?
3
Let s(m) = -13*m - 16. What is the units digit of s(-6)?
2
Let j(z) = -25*z**2. Let q(d) = -26*d**2. Let m(s) = -7*j(s) + 6*q(s). What is the tens digit of m(1)?
1
Suppose -8 = -2*w - 4. Suppose 0*a = w*a. Suppose a*g - g = -10. What is the tens digit of g?
1
Let r = 3 - 0. Suppose -5*g - p + 58 = 0, 2*g - r*p - 15 = 15. What is the units digit of g?
2
Let v = 25 + 51. What is the tens digit of v?
7
Let r = 9 + 3. Let v = 2 + r. Suppose 3*k - 10 = v. What is the units digit of k?
8
Let w(v) = v**2 + v + 10. Suppose f - 12 = 4*p, -5*f = p - 1 + 4. Let a be w(f). Let t = -1 + a. What is the units digit of t?
9
Suppose 0 = -4*t - 10 - 2. Let x be 3/(((-18)/8)/3). What is the units digit of x/12 + (-16)/t?
5
Let g = -5 - -8. Suppose 2*w - g*w = -8. Let h = w + -1. What is the units digit of h?
7
Let x(l) = l**3 + l**2 - l + 45. Let d be x(0). Suppose 0*v = 3*v - d. Let a = v + -7. What is the units digit of a?
8
Suppose m - 42 = -2*m. What is the units digit of m?
4
Suppose -5*j + 535 = -0*j. What is the units digit of j?
7
Let o = 67 - -74. What is the hundreds digit of o?
1
Let r(d) = -6*d + 7. What is the tens digit of r(-13)?
8
Let p be 70/4 + (-3)/(-6). Suppose u = 0, 0*a - 2*a = -3*u - p. Suppose 4*z + a = 7*z. What is the units digit of z?
3
Let n = -23 - -39. What is the units digit of n?
6
Suppose -3*a + 312 = 3*a. What is the tens digit of a?
5
Let b be (-4 - -1)*(-2)/(-2). Let x(p) = p**3 + 5*p**2 + 3*p. What is the units digit of x(b)?
9
Let l(z) = 5*z**2 - 2*z - 1. Let k be l(-1). What is the tens digit of k/21 + (-304)/(-14)?
2
Let x be (-4)/(-2) + 1 + -2. What is the tens digit of (0 - x)/((-3)/39)?
1
Suppose 2*i - 217 = m, 0*m - 5*m = 5*i - 505. What is the hundreds digit of i?
1
Let m be -3 - (0 - 3/1). Suppose m = -2*b + 32 - 4. What is the tens digit of b?
1
Let k(m) = m**2 + m + 1. Let r(w) = 4*w + 4. Let o(g) = -5*g - 5. Let s(j) = -5*o(j) - 6*r(j). Let l be s(1). What is the units digit of k(l)?
7
Suppose 2*g - 20 = -2*g. Suppose -37 + 7 = -g*k. What is the units digit of k?
6
Suppose n - 6*n + 150 = 0. Suppose 0 = g + 5*d - n, -d - 25 = -g - 5*d. What is the units digit of g?
5
Let f = 5 - 2. Let c = 13 + -10. Suppose 5*z = 2*y + f, -2*y + 4*z + 1 = c. What is the units digit of y?
1
Let t be (-1)/(0 - (-3)/(-9)). Suppose -a = t*a - 44. What is the tens digit of a?
1
Let p be (-5 + 0)/(8/(-8)). Suppose -3*l + p*y - y = -64, -2 = 2*y. What is the tens digit of l?
2
Suppose 0 = l - 0*n + 3*n - 193, l = -5*n + 195. What is the hundreds digit of l?
1
Let w(q) = 2 + 0*q**2 - 3*q + 6*q + q**3 + 4*q**2. Let o be w(-4). Let u = o + 18. What is the units digit of u?
8
Suppose 200 = -3*v - v. Let k = v - -70. Suppose 0 = 4*b + b - k. What is the units digit of b?
4
Suppose -11 - 4 = 3*g. Let x(i) = -i**3 - 6*i**2 + 2*i + 5. Let r be x(g). Let n = -18 - r. What is the units digit of n?
2
What is the units digit of (-3)/21 + (-492)/(-14)?
5
Suppose 2 = -5*g + 12. Suppose g*y + 34 = 4*y - 4*v, 4*v = 3*y - 51. What is the units digit of y?
7
Let m = -10 - -31. Let i = m - 9